{"id":6,"date":"2022-05-09T12:24:17","date_gmt":"2022-05-09T12:24:17","guid":{"rendered":"http:\/\/icbs.com.ar\/?page_id=6"},"modified":"2024-04-15T00:25:49","modified_gmt":"2024-04-15T00:25:49","slug":"el-nuevo-umoma-abre-sus-puertas-2","status":"publish","type":"page","link":"https:\/\/icbs.com.ar\/","title":{"rendered":"\u00a1Bienvenidos a ICBS!"},"content":{"rendered":"\r\n<div class=\"wp-container-1 wp-block-group alignwide\"><div class=\"wp-block-group__inner-container\">\r\n<p style=\"text-align: left;\">Somos un grupo de creyentes cuyo objetivo es vivir las ense\u00f1anzas que dej\u00f3 nuestro Se\u00f1or Jesucristo y as\u00ed poder \u00a0cumplir su \u201cgran comisi\u00f3n\u201d de predicar el evangelio ( Marcos 16:15). Creemos que la Biblia, es la Palabra infalible de Dios, \u00a0\u00fanica fuente de revelaci\u00f3n y regla de fe para su iglesia. Creemos que cada iglesia local debe ser, en el sentido m\u00e1s estricto de la palabra, \u201ccolumna y apoyo de la verdad\u201d (1ra Timoteo 3:15). Hoy en d\u00eda, frente a tantas confusiones de creencias y doctrinas ajenas a la Biblia (a\u00fan llam\u00e1ndose \u00a0iglesias cristianas), es necesario expresar de una manera clara y resumida \u201cqu\u00e9 creemos\u201d. \u00a0Desde el inicio adoptamos una confesi\u00f3n de fe reformada, la conocida \u201cConfesi\u00f3n de fe bautista de 1689\u2033. Es una confesi\u00f3n de fe hist\u00f3rica confiable y usada por diferentes iglesias locales a lo largo del mundo.\u00a0<\/p>\r\n<div class=\"cxmmr5t8 oygrvhab hcukyx3x c1et5uql o9v6fnle\">\r\n<div dir=\"auto\">\r\n<section class=\"elementor-section elementor-inner-section elementor-element elementor-element-248ed2c elementor-section-boxed elementor-section-height-default elementor-section-height-default\" data-id=\"248ed2c\" data-element_type=\"section\">\r\n<div class=\"elementor-container elementor-column-gap-default\">\r\n<div class=\"elementor-row\">\r\n<div class=\"elementor-column elementor-col-50 elementor-inner-column elementor-element elementor-element-8e185da\" data-id=\"8e185da\" data-element_type=\"column\">\r\n<div class=\"elementor-column-wrap elementor-element-populated\">\r\n<div class=\"elementor-widget-wrap\">\r\n<div class=\"elementor-element elementor-element-2073cee elementor-widget elementor-widget-text-editor\" data-id=\"2073cee\" data-element_type=\"widget\" data-widget_type=\"text-editor.default\">\r\n<div class=\"elementor-widget-container\">\r\n<div class=\"elementor-text-editor elementor-clearfix\">\r\n<p><strong><a href=\"http:\/\/icbr.com.ar\/wp-content\/uploads\/2019\/02\/DBF1689.pdf\">DESCARGAR CONFESI\u00d3N DE FE BAUTISTA DE 1689<\/a><\/strong><\/p>\r\n<\/div>\r\n<\/div>\r\n<\/div>\r\n<\/div>\r\n<\/div>\r\n<\/div>\r\n<\/div>\r\n<\/div>\r\n<\/section>\r\n<div class=\"elementor-element elementor-element-35511300 elementor-widget elementor-widget-text-editor\" data-id=\"35511300\" data-element_type=\"widget\" data-widget_type=\"text-editor.default\">\r\n<div class=\"elementor-widget-container\">\r\n<div class=\"elementor-text-editor elementor-clearfix\">\r\n<div class=\"entry-content product-entry entry\">\r\n<div id=\"product_details_container\">\r\n<div id=\"product_details\" class=\"product-details \">\r\n<div class=\"shortdesc\">\u00a0<\/div>\r\n<\/div>\r\n<\/div>\r\n<\/div>\r\n<\/div>\r\n<\/div>\r\n<\/div>\r\n<\/div>\r\n<\/div>\r\n<\/div><\/div>\r\n<h3><b>Algunas de las marcas distintivas de lo que creemos<\/b><\/h3>\r\n<ol>\r\n<li>Que se ense\u00f1e la Biblia por medio de la\u00a0<strong>predicaci\u00f3n expositiva<\/strong>, esto es un su justo contexto y poniendo a Cristo como centro del serm\u00f3n.<\/li>\r\n<li>Que tenga una buena\u00a0<strong>teolog\u00eda b\u00edblica<\/strong>, es decir una sana doctrina con creencias definidas seg\u00fan las Escrituras sin agregados.<\/li>\r\n<li>Que tenga una idea correcta del\u00a0<strong>evangelio<\/strong>\u00a0ya que es poder de salvaci\u00f3n para todo el que cree (Romanos 1:16), y es la \u00fanica manera mediante la cual los pecadores pueden ser reconciliados con un Dios santo.<\/li>\r\n<li>Que tome en cuenta la<strong>\u00a0conversi\u00f3n<\/strong>\u00a0o nuevo nacimiento espiritual (Juan 3:3). Las vidas de sus miembros deben estar marcadas por el fruto de la conversi\u00f3n y no simplemente sumar gente a la iglesia por simples cuestiones num\u00e9ricas.<\/li>\r\n<li>Que su funci\u00f3n sea la\u00a0<strong>evangelizaci\u00f3n<\/strong>\u00a0de los pecadores. Cuando una iglesia tiene un entendimiento no b\u00edblico del evangelio, no evangeliza, evangeliza\u00a0de maneras enga\u00f1osas o manipuladoras, o comparte un mensaje que no es el evangelio.<\/li>\r\n<li>Que tenga una\u00a0<strong>membres\u00eda<\/strong>\u00a0identificable.\u00a0La membres\u00eda b\u00edblica de la iglesia es importante porque la iglesia representa el testimonio de Dios en el mundo. La iglesia manifiesta su gloria. Por tanto, los no cristianos deber\u00edan ser capaces de ver en la membres\u00eda de la iglesia, en las vidas del pueblo transformado de Dios.<\/li>\r\n<li>Tiene que existir una\u00a0<strong>disciplina<\/strong>\u00a0eclesial.\u00a0En su definici\u00f3n m\u00e1s general, la disciplina de iglesia es todo lo que la iglesia hace para ayudar a sus miembros a crecer en santidad y luchar contra el pecado.<\/li>\r\n<li>Una iglesia que\u00a0<strong>discipula<\/strong>.\u00a0La Escritura ense\u00f1a que un cristiano vivo es un cristiano que crece (2 P. 1:8-10). La Escritura tambi\u00e9n ense\u00f1a que crecemos no solamente mediante la instrucci\u00f3n, sino tambi\u00e9n mediante la imitaci\u00f3n (1 Co. 4:16; 11:1). Por tanto, las iglesias deber\u00edan exhortar a sus miembros a crecer en santidad y ayudar a otros a hacer lo mismo<\/li>\r\n<li>Un\u00a0<strong>liderazgo b\u00edblico<\/strong>, caracterizado por pastores piadosos que gu\u00edan al reba\u00f1o del Se\u00f1or y los alimenta con su Palabra.\u00a0El liderazgo b\u00edblico de la iglesia es importante porque sin \u00e9l, el pueblo de Dios es como un reba\u00f1o de ovejas sin pastores.<\/li>\r\n<\/ol>\r\n<hr \/>\r\n<h5 style=\"text-align: center;\">ICBS es actualmente un anexo de la<br \/><a href=\"https:\/\/icbr.com.ar\/\">Iglesia Cristiana B\u00edblica de Rosario<\/a><\/h5>\r\n<figure class=\"wp-block-gallery alignwide has-nested-images columns-default is-cropped\">\r\n<figure class=\"wp-block-image size-large\"><\/figure>\r\n<\/figure>\r\n","protected":false},"excerpt":{"rendered":"<p>Somos un grupo de creyentes cuyo objetivo es vivir las ense\u00f1anzas que dej\u00f3 nuestro Se\u00f1or Jesucristo y as\u00ed poder \u00a0cumplir su \u201cgran comisi\u00f3n\u201d de predicar el evangelio ( Marcos 16:15). Creemos que la Biblia, es la Palabra infalible de Dios, \u00a0\u00fanica fuente de revelaci\u00f3n y regla de fe para su iglesia. Creemos que cada iglesia&#8230;<\/p>\n","protected":false},"author":1,"featured_media":0,"parent":0,"menu_order":0,"comment_status":"closed","ping_status":"closed","template":"","meta":[],"aioseo_notices":[],"_links":{"self":[{"href":"https:\/\/icbs.com.ar\/index.php\/wp-json\/wp\/v2\/pages\/6"}],"collection":[{"href":"https:\/\/icbs.com.ar\/index.php\/wp-json\/wp\/v2\/pages"}],"about":[{"href":"https:\/\/icbs.com.ar\/index.php\/wp-json\/wp\/v2\/types\/page"}],"author":[{"embeddable":true,"href":"https:\/\/icbs.com.ar\/index.php\/wp-json\/wp\/v2\/users\/1"}],"replies":[{"embeddable":true,"href":"https:\/\/icbs.com.ar\/index.php\/wp-json\/wp\/v2\/comments?post=6"}],"version-history":[{"count":19,"href":"https:\/\/icbs.com.ar\/index.php\/wp-json\/wp\/v2\/pages\/6\/revisions"}],"predecessor-version":[{"id":1224,"href":"https:\/\/icbs.com.ar\/index.php\/wp-json\/wp\/v2\/pages\/6\/revisions\/1224"}],"wp:attachment":[{"href":"https:\/\/icbs.com.ar\/index.php\/wp-json\/wp\/v2\/media?parent=6"}],"curies":[{"name":"wp","href":"https:\/\/api.w.org\/{rel}","templated":true}]}}